5*y + 6*y + 2 + k*y**2. Calculate w(-2).
-8
Let f be 4 + (1/(-5) - (-204)/(-30)). Let q(w) = w**3 + 3*w**2 - 3*w - 1. Give q(f).
8
Let i(n) = -6*n**3 - n**2 + n. Let l be (9/12)/((-33)/(-44)). Determine i(l).
-6
Let g(n) = 6*n + 9*n - 2*n - 5*n + 10 + 0*n. Give g(-4).
-22
Suppose -4 = -n - 1. Let u = -33 + 41. Let q(x) = 0*x - u - n*x + x + 9. What is q(2)?
-3
Let o = 59 - 49. Suppose 0 = -o*t + 7*t + 15. Let n(p) = p**3 - 6*p**2 + 7*p - 3. Give n(t).
7
Let l = -1274 - -1272. Suppose -3*k = k - 8. Let v(u) = -1 + u + k - 2. Determine v(l).
-3
Let h(b) be the second derivative of 17*b**3/3 + 219*b. Calculate h(1).
34
Suppose 0 = 2*h - 5*g + 28, 32 = -3*h + 5*g. Let o(t) be the third derivative of -t**6/120 - t**5/12 - 7*t**4/24 - t**3 + 83*t**2. What is o(h)?
6
Suppose 163*q - 3 = 162*q. Let s(k) = -k**3 - k - 3. Let r(g) = -3*g**3 + g**2 - g - 6. Let n(u) = -2*r(u) + 5*s(u). What is n(q)?
-3
Let q(x) = 2*x**2 - x - 2. Let i = 1 + -4. Let z(t) = 2*t**2 - 2*t - 3. Let c(f) = i*z(f) + 4*q(f). Suppose -25*r - 22 = -3*r. What is c(r)?
1
Suppose 0 = 2*p - 7 - 5. Suppose 0 = 22*b - 20*b - 22. Let o(s) = -b + p - s + 6. Give o(0).
1
Let s(r) = r**3 - 6*r**2 + 3*r. Let k = 1 + 6. Let i be 23/k + 6/(-21). Suppose -3*w + i + 12 = 0. Determine s(w).
-10
Suppose -16 + 8 = -4*z. Let c be (-20)/(-4)*(z - 1). Let f(k) = -k**3 + 4*k**2 + 4*k + 1. Determine f(c).
-4
Let l(q) = 6 - 2*q - 123 + 125. What is l(0)?
8
Let a = 3047 + -3054. Let d(x) = 5*x - 18. Let t(y) = -4*y + 17. Let n(g) = 5*d(g) + 6*t(g). Calculate n(a).
5
Let f be (-2)/6*0 + 2/60. Let t(s) be the third derivative of 0 + f*s**5 - 1/6*s**3 + 0*s - 1/8*s**4 + 2*s**2 + 1/120*s**6. Determine t(-3).
-1
Let m be (-2 + 5 - (4 - 13))/2. Let c(p) be the first derivative of 0*p**2 + 0*p + 1/4*p**4 + m - 1/3*p**3. Give c(0).
0
Suppose 7*u + 4*w = 2*u - 205, -u - 4*w - 25 = 0. Let j be ((-12)/18)/(6/u). Let v(p) = p**2 - 5*p - 4. Determine v(j).
-4
Let m be -10*(6 + -8)/4. Let w(f) = f + 1. Determine w(m).
6
Let h(v) be the third derivative of -v**6/120 + v**5/15 + v**3/3 + 2*v**2. Suppose 3*m - 9*m + 24 = 0. Determine h(m).
2
Let p be (8/(-10))/((-2)/(-20)). Suppose 39*o - 46*o = -14. Let a(s) = -5 - 4*s - o + 12*s + s**2. Give a(p).
-7
Let h(u) be the third derivative of 7*u**4/24 + u**3/3 - 2*u**2 - 5. What is h(4)?
30
Let r(w) = w**2 + 6*w - 1. Let j(c) = c**3 - 5*c**2 + 4*c + 5. Let b be j(4). Suppose s + 4*s + b*x = -40, -3*s - x = 22. Give r(s).
6
Let u(p) = -34*p + 33. Let d be u(1). Let g(h) = 11*h**2 + 2*h + 1. What is g(d)?
10
Let k(g) = -3*g - 1. Suppose -1 = -3*b - 4. Let m be k(b). Let a(h) = -h - h - h + 7*h - 3. What is a(m)?
5
Let l(o) be the first derivative of -2*o**3/3 - 11*o**2/2 + o + 11. Let m be l(-5). Let h(p) = p**2 - 6*p - 5. What is h(m)?
-5
Let n = -233 - -235. Let b(g) = 5*g**2 - 4*g + 3. Calculate b(n).
15
Let j(b) = 13*b**3 - 37*b**2 - 56*b + 55. Let y(u) = 4*u**3 - 12*u**2 - 18*u + 18. Let i(f) = -3*j(f) + 10*y(f). Determine i(10).
-5
Let p be (48/20)/(56/(-140)). Let r(f) = 2*f + 14. Determine r(p).
2
Let b = 5 - 5. Let u(q) = b + 53*q + 0 - 62*q. What is u(1)?
-9
Let h(z) be the third derivative of z**5/60 - 3*z**4/8 - 2*z**3/3 - 4*z**2 - 8*z. What is h(10)?
6
Let g(h) be the second derivative of h**4/3 - 13*h**3/6 + 275*h. What is g(4)?
12
Let d(m) = -m**2 - m - 6. Let n(b) = -3. Let x(w) = -2. Let z(f) = 3*n(f) - 5*x(f). Let o(y) = -d(y) - 5*z(y). Give o(2).
7
Let b = -59 + 142. Let y(d) = -42 - 2*d**2 - 2*d + b - 39. Calculate y(-2).
-2
Let p(h) = -23*h**2 + 3*h + 3. Suppose -4700 = 3*n - 4697. Determine p(n).
-23
Let l(w) = 24*w - 1. Let f(h) = -2*h**2 - 8*h + 1. Let n be (8/(-10))/((-13)/(-65)). Let z be f(n). Calculate l(z).
23
Let f(r) = 4*r**3 + 2*r**2. Let j be f(-2). Let s = 1 + -31. Let z = j - s. Let w(m) = -m - 1. Give w(z).
-7
Let k(n) = -3*n - 3. Suppose 10*y - 23 = 37. Calculate k(y).
-21
Let r(g) = 3*g**3 - 2*g**2 - 20*g - 19. Let s(u) = u**3 - u**2 - 7*u - 7. Let q(v) = -6*r(v) + 17*s(v). Calculate q(-6).
25
Let j(k) = -2 - 4 - 20*k**2 + 2*k**2 + 2. Let n(y) = -198*y**2 - 45. Let m(h) = 45*j(h) - 4*n(h). What is m(-1)?
-18
Let v(t) = -374*t - 3 - 293*t + 665*t. Suppose g = -q - 2 - 2, -4 = q - 3*g. Give v(q).
5
Let s(w) = -5*w - 7. Let d = 595 - 595. Calculate s(d).
-7
Let c(k) be the second derivative of 0 - 1/2*k**2 + 5/3*k**3 + 21*k. What is c(1)?
9
Suppose 0 = b + 4 - 1. Let f(w) be the second derivative of w**5/20 + 5*w**4/12 + w**3/3 - w**2 - 6*w - 3. Calculate f(b).
10
Suppose t + 4*t - 15 = 0. Suppose -t = z + 3. Let l(m) = m**3 + 7*m**2 + 6*m - 4. Determine l(z).
-4
Suppose -5*r + 11 = i - 6, -2*i - 22 = -4*r. Let u(y) = -y**3 - 12*y**2 + 13*y + 2. Let w be u(-13). Let a(z) = -z + z + w*z - 2. Give a(r).
6
Let i(g) = 4*g - 1. Let z be i(1). Suppose 4*d = 5*m - 3, -3*m + 24 = -8*d + 13*d. Let u(l) = 3*l**2 + 0*l**3 + 6*l**m - 7*l**3 + l. Give u(z).
3
Suppose 4*t = -5*p + 40, -1 = -2*p + 3*t - 8. Let g(l) = -p*l - l**2 + 3*l + 0*l**2 + 3 - 1. Calculate g(2).
-4
Let l(b) = b**2 - 5*b. Let k(t) be the first derivative of -t**2 - 6*t + 4. Let f be k(-4). Suppose 10 = 4*o + 2*j, f*o + 1 = 3*j + 10. Calculate l(o).
-6
Let z(a) = -4 - 8 - 7 + 20 + a. Suppose 5*g = -3*p - 12, 3*g - 4 = -6*p + 7*p. Give z(p).
-3
Let w = -51 + 70. Let u(o) = 9 - o**3 - w*o**2 + 5*o**2 + 13*o**2. Suppose 0 = -2*s - 2*s. Calculate u(s).
9
Let v(z) = z**2 + 3*z - 7. Let k be 25/(-4) + (-23)/(-92). Calculate v(k).
11
Suppose -4*f = -0*f - 40. Suppose f = 2*g + 4*h, -2*g + g + 8 = -h. Let d be (g - 2)*(0 - -1). Let b(v) = v**3 - 4*v**2 - 6*v + 6. Give b(d).
1
Suppose -7*s - 790 = -832. Let t(m) = -m**3 + 6*m**2 - m + 3. Determine t(s).
-3
Let k be 4/(-2) + 15 + -17. Let z(g) = -5*g - 3. Let b(y) = 4*y + 4. Let v(q) = k*z(q) - 3*b(q). Give v(1).
8
Let t(c) = 4*c + 22. Let k(d) = -2*d - 7. Let p(w) = -20*k(w) - 6*t(w). Let g(q) = -11*q - 5. Let i(v) = -7*g(v) - 5*p(v). Calculate i(-6).
13
Let c(n) = -n**2 + 7*n - 2. Let w = -13 + 19. Let v be c(w). Let h(g) = -2 + 3*g + 2 + 4*g**2 + 4 + 0*g**2 - 5*g**2. Determine h(v).
0
Let p(q) = q**3 + 7*q**2 + 6*q + 2. Suppose -10*n + 180 = -7*n. Suppose 2*v + n = -8*v. Give p(v).
2
Let j = 19 - 18. Let l(s) = -7*s + 2*s + s**2 + j - 2*s**2. Let r be (-1)/((10/12)/5). What is l(r)?
-5
Let j(s) = 92*s**2 + 3. Let g be j(2). Let w(z) = -2*z - 371 + g. Give w(-2).
4
Let n(p) = -p**3 + p**2 + 4*p - 1. Let h be (5 - 141/27) + (-29)/(-9). Suppose -m = -0*u + 3*u + 12, 11 = -h*m - 4*u. Determine n(m).
-7
Suppose 18 = 5*v + v. Suppose 5*y = v*n - 21, 8 + 1 = -2*y + n. Let t(b) = b**2 + 4*b - 6. What is t(y)?
6
Let q(g) be the first derivative of -g**2/2 + g + 60. What is q(7)?
-6
Let k(t) be the second derivative of -4*t**4/3 + t**3/6 - 486*t. Calculate k(-1).
-17
Let d(w) = 7*w**3 + 13*w**2 + 7*w + 7. Let b(x) = -11*x**3 - 20*x**2 - 11*x - 11. Let a(g) = -5*b(g) - 8*d(g). Let u be 1*-1 - (42/10 - 210/175). Give a(u).
3
Let u(h) = 2*h - 2. Let t be u(-10). Let w = -18 - t. Let n(i) = -i + 5. Give n(w).
1
Suppose -7*n - 532 = n - 500. Let d(i) = -i - 4. Let l(a) = 1. Let t(z) = 5*d(z) + 15*l(z). Give t(n).
15
Let m(u) = -5*u**3 - u - 3*u**3 + 4*u**3 - 6*u**2 + 4*u**2. Let k(d) = -d**3 + d + 1. Let a(j) = 3*k(j) - m(j). Let q = -123 + 121. Determine a(q).
-5
Let a(n) = -7*n - 1. Let o be -24*(1/(-1) - (-1)/(-4)). Let t be (-34)/o - (-12)/90. Calculate a(t).
6
Let h = -266 - -271. Let v(x) = -x**2 + 7*x - 7. Determine v(h).
3
Let x(g) be the first derivative of g**4/4 - 3*g**2/2 + 4*g - 93. Calculate x(4).
56
Let b(k) be the third derivative of -k**4/24 - 15*k**2. Let x(z) = -3*z + 10. Let i(g) = 4*b(g) - x(g). Determine i(-8).
-2
Let g be (20/(-50))/((-1)/5). Suppose 3*q - g + 11 = 0. Let s(u) = u**2 + 8*u + 3. What is s(q)?
-12
Let a(t) = t**2 + 7*t. Let p(n) be the third derivative of -n**5/60 - n**4/4 - 7*n**3/3 + 38*n**2. Let q be p(-4). Determine a(q).
-6
Let m be ((-84)/(-15) + -5)*15. Let h(q) = -q + 2. Calculate h(m).
-7
Let v = -13 - -25. Suppose -4*c + v = -0*c + 3*u, 0 = 3*c - 2*u - 26. Let i(r) = -r**3 + 5*r**2 + 7*r + 5. Give i(c).
11
Suppose -3*p + 15 + 21 = 0. Let b(t) = t - 17. Let u be b(p). Let q(d) = -4*d - 2. Give q(u).
18
Let t(x) = x**2 + 6*x - 7. Let y be 0 + 8 + 19 + -26. What is t(y)?
0
Let g = -858 + 860. Let f(h) = h**2 -